et c(j) = j**3 + 11*j**2 - 13*j - 7. What is the units digit of c(y)?
5
Let b(t) = 119*t - 142. What is the hundreds digit of b(6)?
5
Let d(x) = 2*x**2 - x. Let r be d(2). Let j(a) = a**3 - 5*a - 3 - 4 + 0 + r*a**2. What is the units digit of j(-6)?
3
What is the units digit of 10/60 + (-11157)/(-18)?
0
Suppose 0*r - 5*r = -5*h + 5, 12 = 4*h. Suppose -3*q = r*q - 700. What is the hundreds digit of q?
1
Let j(s) = -14*s - 752. What is the tens digit of j(-61)?
0
Suppose 0 = -3*s - 3*r, -6 = r + 2*r. Suppose 3*w + s*g + 31 = 4*w, 4*g - 86 = -2*w. What is the units digit of w?
7
Let f = -2 + 4. Suppose 156*y - 456 = 150*y. Suppose 3*i = -4*m - f*i + 155, 2*i - y = -2*m. What is the units digit of m?
5
What is the units digit of 1 - (4 + -352 - 6)?
5
Suppose 3919 + 7136 = 11*u. What is the thousands digit of u?
1
Let i = -82 + 112. Let s = 41 + i. What is the units digit of s?
1
Let k(f) = f**2 - 149*f - 44. What is the units digit of k(-24)?
8
Suppose -177*v + 2680 = -175*v. What is the tens digit of v?
4
Suppose 4 = -4*m, -3*z + 8902 = 4*m - 6217. What is the units digit of z?
1
Suppose 0 = -3*h + 11*h - 64. What is the tens digit of (-3)/(-15) - 48*h/(-5)?
7
Let c(a) = -8*a**3 - 2*a**2 - 15*a + 17. Let z(d) = -7*d**3 - 2*d**2 - 14*d + 16. Let l(b) = -6*c(b) + 7*z(b). What is the tens digit of l(-5)?
2
Let p(o) = -o**2 - 12*o + 14. Let v be p(-13). Suppose -2*f + 33 = v. What is the tens digit of f?
1
Let v = 38 - 32. Let r be (-8)/v*(-15)/10. Suppose 16 = r*g - 106. What is the tens digit of g?
6
Let x(i) = -i**3 + 36*i**2 - 29*i - 53. What is the hundreds digit of x(25)?
0
Suppose 5*j - 5 = 0, 6 = -0*q - 2*q - 4*j. Let f = 8 + q. Suppose -f*n - 27 = -66. What is the units digit of n?
3
What is the tens digit of -4 - 4 - -1 - (7 + -2034)?
2
Let l = -3513 + 5213. What is the hundreds digit of l?
7
Let g(f) = 505*f + 52. What is the hundreds digit of g(2)?
0
Let i(n) = 428*n**3 - 2*n**2 + 5*n - 6. What is the tens digit of i(2)?
2
Suppose 0 = -6*k + 9*k - 15. Suppose 2*p + 5 = 2*n + n, -k*p = 5*n - 25. What is the tens digit of n/(-9) + 31/3?
1
Suppose 3*m - 2*b - 16 = -0*b, -4*m + 13 = -b. Suppose -m*g + 0 = -4. Suppose 2*u - g = 4. What is the units digit of u?
3
Let r = 1757 - 1199. What is the hundreds digit of r?
5
Suppose 75*g + 0*g + 300 = 0. Let h be 2 - 0*1/(-2). What is the tens digit of (-116 - h)*g/8?
5
Suppose 3*c - 4*c - 11 = 0. Let g(i) = -i**3 - 11*i**2 - 9*i - 25. What is the units digit of g(c)?
4
Suppose -4*o + 3 = a - 4, 0 = 2*o - 5*a - 9. Suppose o*s - 4*v = -0 + 2, -4*s = -5*v + 5. Let k(d) = -11*d - 10. What is the tens digit of k(s)?
4
Suppose 0*v = 3*v + 5*l - 40, 5*l = 5*v. Suppose 2*j - y - 75 = 0, 0*y - v*y - 60 = -j. Let c = 60 - j. What is the tens digit of c?
2
Suppose n = q - 128, 9*q - 656 = 4*q + n. Suppose -3*m + q = 48. What is the units digit of m?
8
Let t = 5530 + -1592. What is the hundreds digit of t?
9
Let n = -12 + 17. Let r = n - -85. What is the units digit of r?
0
Let p(m) be the second derivative of 31*m**4/12 + m**3/2 + 3*m**2/2 - 9*m. What is the units digit of p(2)?
3
Let h(i) = i**2 - 12*i + 2. What is the tens digit of h(-6)?
1
Suppose -20 + 11 = 3*x. Let r(k) = -49*k - 2. What is the tens digit of r(x)?
4
Suppose -3*w + 10570 = 4*v + 669, 13218 = 4*w - 3*v. What is the hundreds digit of w?
3
Let g(r) = -2*r + 9. Let y be g(0). Suppose 0 = -3*z + 4*z + 4*s - 14, 3*s = -y. Let a = z + 5. What is the units digit of a?
1
Let o(u) = u**3 - 9*u**2 + 3. Let q be o(9). Suppose q*z - 4*z = 51. Let t = 105 + z. What is the units digit of t?
4
Suppose 0 = 3*s + 2*w - 293, 0 = -5*s - 0*w - w + 493. What is the tens digit of s?
9
Let q = 39 - 39. Suppose 13*w - 8*w - 380 = q. What is the tens digit of w?
7
Suppose 3822 = 19*d + 915. What is the hundreds digit of d?
1
Let t(q) = q**3 + 15*q**2 + 15*q + 9. Let j be 4/6 + (-352)/24. Let l be t(j). Let m(p) = -3*p - 6. What is the units digit of m(l)?
9
Suppose -5*o = 5*x - 90, 2*x - 5*x = 15. What is the units digit of o?
3
Let k(l) = -l**3 - l**2 - 2*l + 28. What is the units digit of k(0)?
8
Let b(q) be the first derivative of -q**3/3 - 7*q**2 - 8*q - 32. What is the tens digit of b(-5)?
3
What is the hundreds digit of (4 + -12)/((-4)/308)?
6
Let i(k) = -k**3 + 36*k**2 + 28*k + 61. What is the tens digit of i(33)?
5
Let t = 494 - -1236. What is the units digit of t?
0
Let m(r) = -8*r**2 + 4*r + 33. Let o(h) = 2*h**2 - h - 8. Let j = -7 + 9. Let i(l) = j*m(l) + 9*o(l). What is the units digit of i(3)?
9
Let d(u) = -u - 25. Let b be d(-17). Let g = b - -29. What is the units digit of g?
1
Let u = 4 + -6. Suppose 0 = -4*w - 5*i - 280, -9*w + 280 = -13*w + 3*i. What is the units digit of (w/20)/(u/4)?
7
Suppose -7*a = -a. Let y = -18 + 18. Suppose a = -2*i - 4*q + 142, -i + 3*i - 2*q - 118 = y. What is the tens digit of i?
6
Suppose 0*f - 1 = -f + y, -2*y + 2 = 0. Let n(g) = -g + 7*g - 3*g + 18*g**f - 2*g. What is the tens digit of n(-1)?
1
Suppose 0 = -0*f + 5*f - 4*r - 141, 0 = 5*f - r - 144. Let q = f + -27. What is the units digit of q?
2
Suppose 2*t + 6001 = 13227. What is the thousands digit of t?
3
Let l be (2 - 2) + (-14)/2. Let i(d) = 3*d**2 + 72 - 15*d - 33 - 5*d**2 - 36. What is the units digit of i(l)?
0
Suppose -b + 4*g = -440, -5*g = -2*g. What is the tens digit of b?
4
Let b be ((-5)/3)/(2/6). Let x(j) = -9*j + 11 - 7 + 1 + 2. What is the tens digit of x(b)?
5
Let c = 74 + 2835. What is the hundreds digit of c?
9
Suppose 2*u = -5*z - 15 + 5, -5*z - 10 = u. Let g(r) = r**3 + r**2 + 2*r - 978. Let q be g(u). What is the units digit of q/(-15) - (-5)/(-25)?
5
Let j be (0 - 0) + -1 + 870/(-10). Let n = j - -156. What is the units digit of n?
8
Suppose -3*w - 968 = -5*w. What is the units digit of w/12 - (-2)/(-6)?
0
What is the units digit of (46 - -24)*84/10?
8
Let w(u) = 4*u + 0*u - 6*u + 3*u + 6. Let d be w(-9). What is the tens digit of (-3546)/(-54) + (-1)/d?
6
Suppose -11*p - 3*c + 7 = -10*p, 21 = 3*p - 4*c. Suppose -p*l = -2*l - 1080. What is the units digit of l?
6
Let j(x) = 9*x**2 - 21*x + 11. What is the tens digit of j(-8)?
5
Let k(q) = -q**3 + 7*q**2 - 6*q + 1. Let z be k(4). Suppose 2*t - z = -3*t. Suppose 2*x = -x - t*c + 202, 2*x = 2*c + 140. What is the units digit of x?
9
Let p(j) = j - 5. Let t be p(8). Suppose 2 = t*y - 10. What is the units digit of 224/(-4)*(-2)/y?
8
Suppose -14*f + 37062 = 9440. What is the units digit of f?
3
Let c(d) = 15*d**2 + 12. Let j be c(-5). Let f = j + -255. What is the tens digit of f?
3
Let l = 90 - 40. What is the tens digit of l?
5
Let u(i) = i**2 - 4*i. Suppose 0*h = -5*h - 5*z + 5, 0 = 2*h + z - 6. Suppose -4*w + h = -2*j - w, 2*j + 4*w = -12. What is the tens digit of u(j)?
3
Let o(f) = f + 6*f**2 + 10 - 6 + 15*f**2. What is the hundreds digit of o(-3)?
1
Let c(a) = -a**2 - 9*a - 17. Let v be c(-4). Suppose 4*y - v*f + 4*f = 1015, -y + 3*f = -257. What is the units digit of y?
4
Suppose 39*f + 15 = 44*f, -620 = -x - 4*f. What is the hundreds digit of x?
6
Let p = -4 + 30. Suppose p*i = 29*i - 357. What is the units digit of i?
9
Let j = -553 - -898. What is the units digit of j?
5
Let t(i) = -21*i - 4*i**2 - 5*i + 3*i**2 + 21 - 74. What is the tens digit of t(-23)?
1
Let n = 1713 - 748. What is the tens digit of n?
6
What is the tens digit of (-7)/(49/(-5462)) - 6/21?
8
Let i(d) be the second derivative of -d**4/12 - 13*d**3/6 - 7*d**2/2 + 3*d. Let s be i(-9). What is the tens digit of -3*1/(-3) + s?
3
Let d = -22 + 16. Let k(v) = 2*v - 2. Let s be k(d). What is the tens digit of (-386)/s + 15/35?
2
Suppose 0 = -8*f + 83 - 27. Suppose -f*z + 237 = -4*z. What is the units digit of z?
9
Suppose -20 = 4*a, 2*a - 10 + 5810 = 5*q. What is the thousands digit of q?
1
Let x = -41 + 318. What is the units digit of x?
7
Let a be 0/(-9*(-1)/3)*1. Suppose a = g + g + h - 83, -3*h = -3*g + 147. What is the units digit of g?
4
Let m(i) = -i + 21. Let y(w) = -w + 20. Let p(r) = -2*m(r) + 3*y(r). Let o be p(11). Let t = o + 35. What is the tens digit of t?
4
Let x = 22 + -17. Suppose -s + 330 = x*s. What is the tens digit of s?
5
Suppose -11 = 3*k - k + 5*j, -22 = -5*k + 4*j. Let x(v) = 1 + 5*v - v + 4 + 4 + v**k. What is the units digit of x(-4)?
9
Let s(x) = 5*x - 23. Let k be s(5). Let f(i) = 61*i**2 - 